 3. Let d(v) = -v**3 + 4*v**2 + 2. Let l(m) = -5*d(m) - 2*w(m). Let x be l(-5). What is the tens digit of 5/(-30) - x/(-6)?
1
Let p = 41 - 21. Let o(y) = -9*y + 39. Let c be o(6). Let l = c + p. What is the units digit of l?
5
Let f = -21 + 22. What is the units digit of (f - 149/2)*-2?
7
Suppose 59 = -f + 199. Suppose w + 4*w - f = -5*b, 0 = -5*b - 3*w + 130. What is the units digit of b?
3
Let k(s) = s**3 - 7*s**2 + 7*s - 6. Let c be k(6). What is the units digit of (52 - 1) + c + 4?
5
Let w = 1167 - 466. What is the hundreds digit of w?
7
What is the hundreds digit of 258/387 - (1 + (-1828)/3)?
6
Let p = 7 + -1. Let n be (44 + -5)*2/p. Suppose -2 = n*l - 15*l. What is the units digit of l?
1
Suppose 5*n - 19*i + 23*i - 2222 = 0, -1332 = -3*n - 2*i. What is the units digit of n?
2
What is the units digit of ((-3978)/(-72))/(3/36)?
3
Let f(v) be the third derivative of v**6/120 - v**5/60 - v**4/12 + 6*v**2. Let t be f(4). Suppose -1 + t = 3*o. What is the tens digit of o?
1
Let m(k) = k**2 - 9*k + 4. Let r be m(5). Let q = 21 + r. What is the tens digit of 228/q + 8/20?
4
Let p = -25 - -17. Let i = p - -24. What is the tens digit of i?
1
Let l(p) = -p**2 - 12*p + 19. Let z be l(-13). Let i(s) = s**2 - 5*s - 6. Let v be i(z). What is the tens digit of -3 + v + 7 - -48?
5
Suppose 4*t - 3*t = n + 1223, 5*t + 3*n = 6139. What is the hundreds digit of t?
2
Suppose 39 - 3 = -3*w. Let m(k) = k**2 + 11*k + 17. Let a be m(w). Let x = a + -26. What is the units digit of x?
3
Suppose 21*c - 578 = 23*c. Let h = -190 - c. What is the units digit of h?
9
Let p be (-2)/(-8) - 21/(-12). Suppose p*s + 0*r - 491 = 5*r, -253 = -s + 5*r. What is the hundreds digit of s?
2
Let y be 15/(-10)*84/(-9). Let f = -10 + y. Suppose 0 = f*v - 81 - 31. What is the units digit of v?
8
Let q be 199 + (1 - (-3 - -3)). Suppose 4*d - 2*l = 120, 2*l - 52 + q = 5*d. What is the units digit of d?
8
Let g = -341 + 349. What is the units digit of g?
8
Let u be ((-2)/4)/((-1)/(-1))*2. Let l(j) = 3*j**2 - 4*j - 2. What is the units digit of l(u)?
5
Let g(p) = -p**3 - 2*p**2 + 4*p. Let l be g(3). Let z be (-4)/8 - l/6. Let d(q) = -q**3 + 5*q**2 + 7*q - 3. What is the tens digit of d(z)?
3
Let x be 1 - 1 - (0 + 0). Suppose x = -4*f - 4*n + 68, -4*f - 2*n = -0*f - 72. Suppose 0 = 5*m - 16 - f. What is the units digit of m?
7
Let i(o) = -o**3 + 5*o**2 - 9*o + 1. Let c = 23 - 18. Let m be i(c). Let u = 75 + m. What is the units digit of u?
1
Let t be (-3 + 3)/((-5)/5). Suppose 2*w = -t + 8. Suppose -w*d = -8*d - 3*n + 12, -2*d = n - 6. What is the units digit of d?
3
Suppose -5*g = -4*g + 3*o - 825, -4*o = 16. What is the tens digit of g?
3
What is the hundreds digit of 1037 + -16 + 7 + 7?
0
Let b be (60/35)/((-1)/(-7)). Suppose 0 = -3*x - b + 30. Let d(f) = f**2 - 5*f + 2. What is the units digit of d(x)?
8
Let u = -2141 + 3006. What is the hundreds digit of u?
8
Let l(j) be the third derivative of 3*j**5/10 + j**4/12 - j**3/6 + 18*j**2. Suppose 5*i - 2 = 3. What is the units digit of l(i)?
9
What is the thousands digit of (-770*(-14)/(-84))/(2/(-24))?
1
Let i be (3 - 0) + 1 + 4. Suppose -3*m = -i*m + 80. What is the units digit of m?
6
Let b(x) = -4*x + 1. Suppose 3*y - 3 = 36. Let n = y - 15. What is the units digit of b(n)?
9
Let u(g) = 31*g - 100. What is the units digit of u(10)?
0
Let m = 651 - -187. What is the hundreds digit of m?
8
Let g be (4 + 2 + -6)/(-1). Let f(k) = -3 + g - 3*k + 0. What is the units digit of f(-6)?
5
Let a(p) = 10*p**2 + 21*p - 75. What is the hundreds digit of a(4)?
1
Let f = 98 - 82. Suppose -130 - 206 = -f*q. What is the tens digit of q?
2
Let n = -3961 + 8697. What is the tens digit of n?
3
Suppose -5*a = 2*k - 6, -5*k + 14 + 1 = -4*a. Suppose -6 = 3*v + k, 3*u = -v + 597. What is the hundreds digit of u?
2
Let y = 2582 + -1745. What is the units digit of y?
7
Suppose -12*i = -6*i + 36. What is the tens digit of 12*2/i*-8?
3
Suppose -5*d + o + 986 = -1377, -d - 4*o = -460. What is the units digit of d?
2
What is the hundreds digit of 27/10*10/6*1106?
9
Let d(h) = -2 + 1 - 3*h - 2 + 2*h**2 + 10*h**2. Let r be d(-2). Suppose -3*f + 0*f = -r. What is the tens digit of f?
1
Suppose r - 97 + 22 = 5*j, -4*j = 3*r - 225. Let i = 14 + r. What is the tens digit of i?
8
Let q(w) = 79*w - 54*w + 1 - 2. What is the units digit of q(3)?
4
Let f(d) = 4*d**2 + 32*d + 21. Let x(w) = 2*w**2 + 16*w + 11. Let o(g) = 6*f(g) - 11*x(g). What is the tens digit of o(-11)?
7
Suppose 0*c = -4*c + 3*z + 4267, 5*c - 5*z = 5335. What is the tens digit of c?
6
Suppose -19 = 2*p + 5*y, 2*p - 9 = -p + 5*y. Let i(w) = -16*w - 6. Let c(o) = 65*o + 25. Let t(z) = p*c(z) - 9*i(z). What is the units digit of t(2)?
2
Suppose -1442 = -18*c - 326. What is the units digit of c?
2
Let p(c) = -c + 14. Let f = -26 + 32. Let y be p(f). What is the units digit of 2*4/y*11?
1
Let u = -18 - -20. Suppose 7*i = u*i + 360. What is the tens digit of i?
7
What is the tens digit of (-1)/2 - (-22795)/10?
7
Let d(c) = c**3 + 44*c**2 + 81*c + 72. What is the hundreds digit of d(-41)?
7
Suppose -6*x - 577 = -2701. What is the units digit of x?
4
Let u = 73 - 70. Let d(w) be the first derivative of w**4/4 - w**3/3 - w**2 - 4*w + 1. What is the units digit of d(u)?
8
Let q = 131 - -397. What is the units digit of q?
8
Let p(m) = 15*m - 15*m**2 - 3 + 26*m**2 - m**3 - 9. Let v be p(12). Let k = -19 + v. What is the units digit of k?
5
Let d = 212 + -302. Let y = 176 + d. What is the units digit of y?
6
Suppose 0 = -3*i + 5*i. Suppose n - 4*r - 30 = 0, -3*n + n + 5*r + 66 = i. Suppose n = 2*b - b. What is the tens digit of b?
3
Let d(s) = s**3 - 5*s**2 - 4*s. Let c be d(6). Suppose -16*v + c*v = -52. What is the units digit of v?
3
Let b(s) = -129*s - 48. What is the hundreds digit of b(-14)?
7
Let c = 57 + -50. Let l = c - -31. What is the units digit of l?
8
Suppose j - 5*d - 3957 = -1175, -4*j + 2*d + 11200 = 0. What is the hundreds digit of j?
8
Let h(t) = 111*t**2 - t + 1. Let m be h(1). Let k = 192 - m. What is the tens digit of k?
8
Suppose -5*m - 4*p + 2*p + 26 = 0, -p - 1 = -m. Suppose 3*s - 12 = -4*n + 7, 0 = m*s - n - 57. What is the units digit of s?
3
Suppose -5*l + 524 = -1706. What is the tens digit of l?
4
Suppose -5*f = 4*v - 117, 5*f - 3*v - 96 = -0*v. Let p = 11 + f. What is the tens digit of p?
3
Suppose x + 3*g = 4087, 0 = -5*x - 3*g + 12806 + 7629. What is the hundreds digit of x?
0
Suppose y - 14*b - 1038 = -12*b, -2*y + b + 2061 = 0. What is the thousands digit of y?
1
Let g(b) be the second derivative of 59*b**3/6 + 21*b**2/2 + 9*b. Let y be g(7). What is the tens digit of y/8 + 1/(-4)?
5
Suppose -s + 409 = 5*w, 2*w + 1964 = 122*s - 117*s. What is the hundreds digit of s?
3
Suppose -19*u + 33*u - 30660 = 0. What is the tens digit of u?
9
What is the tens digit of 2/9 + (-306090)/(-405)?
5
Let r(u) = 43*u + 1. Let o be r(-2). Let d = 20 - o. Suppose -t - 4*t = -d. What is the units digit of t?
1
Suppose -23*l - 4*l + 4725 = 0. What is the tens digit of l?
7
Suppose -2 = 5*a - 12. Let d(y) = 56*y - 6. What is the units digit of d(a)?
6
Suppose 2*j + 413 + 4699 = 4*r, 0 = r + j - 1272. What is the thousands digit of r?
1
Suppose -40*m + 44*m - 2200 = 0. What is the tens digit of m?
5
Suppose 2 = 3*o - 19. Suppose 2*w - o*w = 0. Suppose 0 = -2*g + 4*f + 62, 33 = g - w*g - 4*f. What is the tens digit of g?
2
Let j(u) = -15*u + 51. What is the tens digit of j(-4)?
1
Let a(w) = -1 - 82*w**2 + 76*w**2 + 74*w**2. What is the units digit of a(-1)?
7
Suppose 4*t - 3*t + 5*r - 28 = 0, t - 3*r = -12. Suppose 0 = t*y - 6*y - 111. Let v = y - -64. What is the tens digit of v?
2
Suppose 5 = 4*h - 3*w, 0 = -2*h + 3*w + 1. Suppose 2*x + 4*a - 84 = -0*x, 0 = h*x - 3*a - 112. What is the units digit of x?
0
Let b = -26 + 29. Suppose 4*n + 682 = 3*m, -m + b*n = -n - 222. What is the tens digit of m?
3
Let a = 355 - -59. What is the units digit of a?
4
Suppose -701 = -14*d + 867. What is the units digit of d?
2
Let b(v) = 7*v**2 + v + 3. Let h be b(3). Suppose -569 = -4*g - h. What is the units digit of g?
5
Let g(a) = 541*a - 16. What is the tens digit of g(1)?
2
What is the tens digit of 5204/14 + 2 + 222/777?
7
Suppose 4*o - 64 = -4*t, o - 32 + 1 = 4*t. Suppose 14*f + 710 = o*f. What is the tens digit of